of z and i?
10
Let g = -509 - -527. Calculate the highest common factor of 150 and g.
6
Let j be 67 - (-4 + (-7 - -13)). What is the highest common factor of j and 91?
13
Suppose -y + 3 = -7. Let g(t) = -3*t + 8. Let s be 2 + 0 + 6*-1 + 0. Let f be g(s). Calculate the greatest common divisor of f and y.
10
Let s(r) = r**2 - r + 6. Let x be s(-5). Suppose 5*h - 4 = x. Let t be (46/h)/(2/40). Calculate the greatest common factor of t and 23.
23
Let f be 6/((-60)/(-5)) + (-581)/(-14). Calculate the highest common factor of 1 and f.
1
Suppose -12*p - 3960 = -30*p. Calculate the greatest common divisor of 44 and p.
44
Let f(b) = 34*b + 24. Let o be f(3). Let w = 15 - 1. Calculate the highest common factor of w and o.
14
Let d = 1336 + -1335. Calculate the greatest common divisor of d and 4.
1
Suppose 5 + 5 = 5*g. Let f be (g - (-2 + 9))*-2. Let z be 39/4 + (-4)/(-16). What is the highest common factor of f and z?
10
Suppose -355 = 17*z - 13309. Calculate the highest common divisor of 3 and z.
3
Let t = 32893 - 32862. Suppose -4*y - 5*j + 843 = 0, 0 = -3*y - 4*j + 200 + 431. Calculate the greatest common factor of t and y.
31
Let a be 415*(3 - 2) - 5. Calculate the greatest common factor of 164 and a.
82
Suppose -v - 25 = 4*v, 4*h = -3*v + 37. Let w(t) = 6*t + 9. Let o be w(5). What is the greatest common factor of o and h?
13
Let c be (195/(-4))/(4/32*-2). Let n = c + -52. Suppose -49 - 3 = -4*g. What is the highest common factor of g and n?
13
Let r be (3 - (-12)/(-1))/(-1 + 2). Let f be (-6)/r + (-10)/(-3). Let d be 6/(-3)*1*-1. What is the greatest common factor of f and d?
2
Let o = -49 + 109. Let l = -28 + o. Let j = 251 + -171. Calculate the greatest common factor of l and j.
16
Let t = -1219 + 1229. Let g = 33 + 47. Calculate the greatest common divisor of g and t.
10
Let m(k) = -10*k**2 - 92*k - 12. Let z be m(-9). Calculate the highest common divisor of 606 and z.
6
Let l(t) = -6*t**3 - 3*t**2 - 6*t - 2. Let b be l(-4). Suppose -2*s = 2*s + 8, 2*j - 3*s - b = 0. Calculate the highest common factor of 16 and j.
16
Suppose 5*v + s - 266 = 0, -5*s - 20 = -0*s. Calculate the highest common factor of v and 3.
3
Let a = 79 + -85. Let c be (-2)/a + (60/9 - -1). What is the greatest common factor of 8 and c?
8
Let q(f) = -f**2 - 5*f + 52. Let z be q(-8). Suppose -z*w - 252 = -35*w. Calculate the greatest common factor of 48 and w.
12
Suppose 4*q = 2 + 18. Calculate the highest common factor of q and 18.
1
Let t be (-5)/(-20)*-4 + (-84)/(-4). Let l(c) = -c + 1 + c**2 + 0*c + 7*c. Let b be l(-7). Calculate the greatest common divisor of b and t.
4
Let i = -1397 - -2097. Calculate the highest common factor of 84 and i.
28
Let s(w) = 2*w**2 + 13*w - 98. Let d be s(-11). Suppose 0 = -2*p - p - 2*m + 23, 4*p = 3*m + 8. What is the greatest common divisor of p and d?
1
Let z = 8 - 4. Suppose 0 = z*k - 10 - 6. Let t(u) = 13*u - 1. Let q be t(k). What is the highest common factor of 17 and q?
17
Let j be ((-2)/4)/(2/(-8)). Suppose j*l = -2*l + 40. What is the greatest common factor of 40 and l?
10
Let h = 1883 + -1873. Calculate the greatest common factor of 320 and h.
10
Let y = -6 - -17. Let r be ((-2)/(-13) - (-888)/(-26)) + -4. Let q be (44/(-10))/(r/95). Calculate the greatest common factor of q and y.
11
Let m = 1284 + -156. What is the greatest common divisor of 24 and m?
24
Let n(f) = -f**3 + 4*f**2 - 2*f + 3. Let b be n(3). Let p be 15 - (-12)/4*1. Suppose -348 + p = -5*k. What is the highest common factor of k and b?
6
Let l = 161 - 102. Let h = -32 + l. What is the greatest common divisor of 3 and h?
3
Let m(u) = -u**2 + 5. Let z be m(0). Suppose 3446 = 158*q - 2874. What is the highest common divisor of q and z?
5
Let z = 7 - -1. Suppose 6 = 5*k + 5*y + 1, -8 = k + 4*y. Let a(q) = -q**3 + 6*q**2 - 6*q. Let t be a(k). Calculate the greatest common divisor of t and z.
8
Let a be (((-6)/9)/(-2))/(1/450). What is the greatest common divisor of a and 240?
30
Suppose 4*r - 17 - 3 = -2*i, -4*r - 3*i = -18. Let o be (46/r)/(10/30). What is the greatest common factor of 23 and o?
23
Suppose 0 = -z + 9 + 2. Let x = z - 1. Let p be x/(4 + 7/(-2)). What is the highest common divisor of p and 10?
10
Let q(s) = 3*s**2 - 10*s + 15. Let x be q(5). Suppose 0 = 5*o, -4*m + 12 + x = o. Calculate the greatest common factor of 65 and m.
13
Let h be 2/(16/26)*4. Let x = 298 + -259. What is the greatest common factor of h and x?
13
Let y be 180/70 + 3/14*2. Suppose 2*b = 4*f + 220, -98 = -b + f - y*f. What is the greatest common factor of 13 and b?
13
Let j(u) = -26*u**3 - u**2 - 2*u - 1. Let s be j(-1). Suppose 5*n - s = 169. What is the greatest common factor of n and 195?
39
Let s = -28 - -49. Let m = s - 6. Suppose -17 = -5*g - 2. What is the highest common factor of m and g?
3
Let q be 8/(-4) - 4*-1. Suppose -4*i = q - 178. Calculate the greatest common factor of 110 and i.
22
Let r(k) = -2*k + k + k + 7 - k. Let n be r(2). Suppose 3*w - 353 = l, n*l + 244 = w + w. Calculate the highest common divisor of w and 13.
13
Suppose -l + 186 = 2*w - 2*l, -3*w + 274 = l. Suppose -5*q + 400 = 5*y, 3*q + w = y + 8*q. What is the greatest common divisor of y and 11?
11
Suppose -5*i - 5*p + 95 = 0, -6*p = -10*p + 12. What is the greatest common factor of i and 2576?
16
Let r(f) = -f**3 + 3*f**2 + 2*f + 2. Let l be r(-2). Let p be 3/((0 + -3)/l). Let a = -14 - p. What is the highest common factor of a and 4?
4
Let u(a) = -11*a - 63. Let h be u(-13). What is the highest common divisor of h and 5?
5
Let c(t) = t**3 + 3. Let w be c(0). Let z be 94/w - 24/18. Let l = 3 + 3. Calculate the greatest common divisor of l and z.
6
Let q(p) = -30*p - 176. Let d be q(-6). What is the highest common factor of d and 52?
4
Suppose -21*r + 19 + 23 = 0. Calculate the highest common divisor of r and 8.
2
Suppose -4*k + 1944 = 2*k. What is the greatest common divisor of 36 and k?
36
Suppose -7 = s - 2*s. Let x be 8/(-4)*(2 + 2). Let k(r) = r**2 + 6*r - 15. Let i be k(x). Calculate the highest common divisor of s and i.
1
Let q = 165 + -49. What is the highest common divisor of 290 and q?
58
Let g(k) = 19*k + 385. Let m be g(-19). Calculate the highest common divisor of m and 824.
8
Suppose 2*i = 3*q - q + 16, -72 = -5*i - 3*q. Let p(o) = -o - i + 16 + 17. Let n be p(15). What is the greatest common factor of n and 4?
2
Let o be -3 + ((-132)/10)/((-4)/10). What is the highest common divisor of 45 and o?
15
Suppose -5*n + 2*n = y - 2, -2*y = -4*n + 16. Let z = 8 - n. Calculate the highest common divisor of z and 30.
6
Let j(b) = 85*b - 104. Let p be j(2). What is the highest common divisor of p and 6?
6
Let m(n) = -3*n + 9. Let q be m(-18). Calculate the highest common factor of q and 9.
9
Suppose -b + 0*b = -3. Suppose -b*u + u = -126. Let t be -86 + 95 + 0 + -2. What is the greatest common factor of t and u?
7
Let r = -464 + 572. What is the highest common divisor of 12 and r?
12
Let j(u) = -2*u - 5. Let c be j(-4). Let g be c/4 - (138/(-8) + 4). What is the greatest common factor of g and 63?
7
Suppose x + 60 = 6*x. What is the highest common divisor of 132 and x?
12
Let m(k) be the second derivative of k**4/6 - k**3/2 - 5*k**2/2 - 9*k. Let h be m(-2). What is the highest common divisor of 1 and h?
1
Let r(k) = -16*k**2 + 2*k + 5. Let m be r(-2). Let l = m + 115. Calculate the greatest common factor of 130 and l.
26
Let w(b) = b**2 - 3*b + 8. Let q be w(8). Let d = -27 + 47. Let f be ((-48)/d)/(4/(-10)). Calculate the greatest common divisor of f and q.
6
Suppose -27*d - 2479 = -94*d. What is the greatest common divisor of d and 2479?
37
Let u be (-1 + -1)/((-3)/(-6)). Let q be 9/u*(0 + -12). Suppose -174 = -2*b - 12. Calculate the greatest common factor of q and b.
27
Let m(b) = -2*b + 81. Let t be m(32). Let l = -28 + 62. Calculate the greatest common factor of t and l.
17
Suppose 5*p - 2*t - 66 = 0, -4*p + 2*t = -13 - 39. Let g(i) = i**3 - 14*i**2 + 2*i - 19. Let a be g(p). What is the highest common divisor of a and 36?
9
Suppose -64 = -10*b - 4. Suppose -5*r = 2*j - 22, b*j - 8*j - 38 = -5*r. Calculate the highest common factor of 48 and r.
6
Suppose -120 = -b - b. What is the greatest common divisor of 90 and b?
30
Let d = 25 - 23. Let v = 19 + 6. Let i be 5 + v - d*1. What is the g